6 + -7 + 0 + 4.
-1
Calculate -13 - (-16 - (4 - 14)).
-7
What is the value of 2 + 1 - (-3 + 1)?
5
Calculate 4 - -2 - (-6 - (-5 + 0)).
7
What is 4 + 3 - (-17 - -18)?
6
What is the value of 0 + 2 - (5 - (-2 - -3))?
-2
4 + (-4 - 6) + 5 + -2
-3
What is -8 - (-4 + 9 - 6 - -4)?
-11
What is the value of (-9 - -8) + -2 - -2?
-1
Evaluate 4 + -12 - -3 - (7 + -7).
-5
What is the value of (0 - 7) + (2 - -4)?
-1
(0 - -1) + (-5 - -3) - 4
-5
Calculate (2 - -3) + (1 - 2).
4
What is 1 - 4 - (16 + -13)?
-6
Evaluate -5 + 10 - (6 - -1).
-2
What is the value of -4 + 4 + 7 + 12 + -25?
-6
What is 17 + -13 + (1 - 3)?
2
(8 - 11) + (3 - (4 - 5))
1
Calculate 8 - (-10 + -3 - -29).
-8
What is -1 + (-4 + -1 - -8)?
2
Evaluate -4 + -1 + 4 + 0 - 5.
-6
136 + -131 + (-1 - (1 + 4))
-1
What is the value of (2 - 0) + -8 - -6?
0
Calculate (-1 - -11) + -4 + -5.
1
What is (0 - 5) + -7 - -10?
-2
Calculate 4 + -9 - (23 - 25).
-3
Calculate (1 - -14) + 15 + (-13 - 10).
7
What is the value of -5 + 10 + -4 + 0 + 1?
2
What is the value of -1 + 3 + (4 - (4 + -3))?
5
-4 + (6 - (-9 - -10))
1
Calculate (-2 - (-1 + -4)) + -4.
-1
What is 7 + 0 - 1 - 4?
2
Evaluate (21 - 15) + -10 - (6 - 1).
-9
Calculate 1 + (1 - 3) - 3.
-4
What is the value of 6 + -1 + 3 + -3 + -2?
3
What is 0 + (4 - (4 - -1)) - 4?
-5
Calculate 4 + (0 - 4) + -3 + 8.
5
What is 7 - (6 + 5 + -2)?
-2
Calculate (-4 - -8) + (0 - 2).
2
Evaluate (-2 - (-2 + -3)) + 2.
5
What is the value of 3 + (3 - (7 - 2)) + -2?
-1
What is (0 - -2) + (-3 - -1) + -2?
-2
What is the value of -4 + (0 - (-5 - -4))?
-3
Calculate (-6 + 0 - -2) + 6.
2
-1 + 0 - ((9 - -2) + -7)
-5
What is the value of -6 + 0 + 13 + 1?
8
What is the value of 4 + -2 + -4 + 4?
2
What is the value of -4 + (-5 - ((5 - 12) + -1))?
-1
Calculate -2 - 0 - (4 + -6).
0
Evaluate -1 - (-4 - (-3 - -4)).
4
What is the value of 2 - 8 - (-8 - -7 - 13)?
8
What is 1 - -2 - 2 - -4?
5
-3 + 0 + 2 + -1
-2
What is -7 - 1 - ((3 - 6) + 0)?
-5
What is the value of 2 - (-1 + -2) - -1?
6
(2 - (1 - 3)) + -9
-5
-2 - (-2 + (-8 - -14))
-6
What is the value of 13 + -1 + -4 + (-6 - -3)?
5
2 + 3 + -4 - 11 - -4
-6
Calculate -4 + 4 + -2 - (1 + -8).
5
Calculate -8 + -2 - (1 + -4).
-7
What is the value of 0 - ((-6 - (-1 + -1)) + 4)?
0
Evaluate -1 + 0 + (-2 - -2) - -1.
0
What is the value of -1 + (-2 - -3) + 8 + -3?
5
What is -10 + 9 - ((1 - 0) + -2)?
0
-2 - -5 - (-31 + 37)
-3
-4 - (-2 + 5 + -2) - -4
-1
Calculate 3 - (-25 + 25 - (0 + -8)).
-5
What is the value of (-2 - -1 - -1) + (8 - 12)?
-4
What is the value of 5 - 0 - (-1 + 9)?
-3
What is the value of -2 + 1 + -2 - (-3 + 2)?
-2
What is the value of 0 + -2 + (5 - 5)?
-2
Calculate 1 - (0 + -3) - (12 - 7).
-1
What is -1 + 1 - (2 + -10 - -7)?
1
-1 - -6 - 1 - (7 + -1)
-2
Evaluate 3 + 0 + 0 + 0.
3
Calculate 8 + (6 - (12 - 7) - 0).
9
What is the value of -5 + -3 + 5 + 5?
2
-12 + 16 + -15 + 8
-3
(2 - ((1 - -2) + -2)) + 1
2
What is 2 + (6 + -5 - -6) - 4?
5
What is (8 - 2 - (-3 - -4)) + 0?
5
What is 20 + -20 - (-2 - 2)?
4
What is the value of (-3 - -10 - 5) + -1?
1
Evaluate 11 + (-9 - -3) - (1 - -5).
-1
What is the value of 8 - (16 + -5 + (0 - -6))?
-9
What is -4 - (-4 - -8 - (2 - -8))?
2
8 + (-3 - (10 - 5))
0
Evaluate -3 + 10 + (0 - 3).
4
What is the value of (-8 - (3 - 7)) + 6 + -1?
1
Evaluate 4 + (-1 - 0) - (1 + 3).
-1
Calculate -5 - (4 - 10) - (10 - 2).
-7
What is the value of 16 + 7 - (-2 - -9) - 7?
9
What is the value of -1 + (2 - 0 - -1)?
2
Calculate 12 + (5 - 4 - (10 - 6)).
9
Calculate (-22 - -18) + 3 + (2 - 0).
1
Calculate -6 + 9 + -1 - (2 + 3).
-3
3 + (6 - (7 - -1))
1
-7 + 4 + -1 - 0
-4
What is -6 - 1 - (25 - 32)?
0
What is -2 - 21 - -9 - -12?
-2
Calculate 7 + -5 + (2 - 4).
0
Evaluate 1 + 1 - (37 + -33).
-2
Calculate 10 + -2 + (0 - 8).
0
What is the value of (-12 - 0) + (31 - 25) - 1?
-7
Evaluate -14 + 21 + (-2 - (2 - 1)).
4
Evaluate 3 - 1 - (-2 - 0).
4
-2 - (-1 - -4 - 0)
-5
What is (-5 + 2 + -1 - -14) + -5?
5
What is the value of 1 + 1 - (-4 + 0 + 1)?
5
Evaluate 6 + -10 - (-2 + 2) - -6.
2
What is 6 + 6 + -8 + -3?
1
Evaluate 11 - 7 - ((0 - -3) + -3).
4
Calculate -9 - (-10 + 3 + 5).
-7
Calculate 0 - (3 + -6) - 5 - 0.
-2
Calculate -1 + 4 + 8 + 0 + -6.
5
What is (0 + 11 - (0 - -3)) + -4?
4
What is 30 - 21 - (1 + -2)?
10
What is the value of (2 - 0 - 4) + -2 + -1?
-5
3 + 2 + -2 + -1 + 6
8
What is the value of -6 - (-13 - (-10 - -12))?
9
5 - 6 - ((3 - 1) + -2)
-1
7 - (0 + (6 - 3 - 1))
5
Calculate 144 + -159 + (6 - (-1 - 0)).
-8
Evaluate 30 + -12 + (-13 - -1).
6
What is the value of (5 - (-14 + 20)) + 7 + -2?
4
What is the value of -4 + 2 - (2 + 1) - -3?
-2
Evaluate (-5 - -10) + (-1 - 1).
3
What is the value of (-18 - (-24 + 13)) + 14?
7
Calculate -5 + (-9 - -15) + -1 + -2.
-2
What is the value of 1 - (-4 - (4 - 14))?
-5
Evaluate 0 + (-1 - (-3 - 1)).
3
(-1 - -4) + (50 - 60)
-7
What is 6 + (-1 - (3 + -3 - 1))?
6
What is 13 + -21 + (1 - -1)?
-6
Evaluate (3 - 15) + (19 - 15).
-8
Evaluate 0 - (-15 + 1) - 13.
1
What is 2 + -7 - (6 - 9 - -2)?
-4
What is the value of 9 + -2 + -3 + -4?
0
What is the value of (2 - 7) + (3 + 6 - 0)?
4
0 - (7 + -2 + -4)
-1
-1 - ((-3 - -5) + -3 + 4)
-4
Evaluate -1 + 8 + -4 + -5.
-2
-3 - (-14 - (0 + 1 + -6))
6
What is the value of 13 + -9 - (10 + 0 + -2)?
-4
What is the value of -7 - -5 - 2 - -5?
1
What is the value of 2 - 12 - -9 - -5?
4
Calculate -6 + 0 + (1 - -2 - 1).
-4
1 - -6 - (31 + -19)
-5
What is the value of 0 + -6 + (1 - -2)?
-3
Evaluate 4 + 5 + -14 + 1 - -6.
2
Calculate -3 - (-1 - (4 + 0)).
2
Evaluate 2 - (4 - -1) - -3.
0
What is the value of 7 + (-8 - (15 - 8))?
-8
Calculate 18 - (25 + (-12 - 2)).
7
Evaluate 0 - (-7 + 12) - -4.
-1
What is the value of 35 + -21 + -6 + -4?
4
Calculate -3 - (-8 + 3 - -2).
0
What is the value of 1 - 2 - ((0 - 5) + 1)?
3
Calculate -1 - (0 + -3 - -4).
-2
8 + -3 + (-9 - -2) + -2
-4
Evaluate -2 - 12 - 6 - -12.
-8
Evaluate -10 + (2 - -7 - 4).
-5
Evaluate (16 - 21) + 1 + -3 + 7.
0
11 - 1 - 12 - (-3 - 0)
1
Calculate 64 - 74 - (-1 + -14).
5
-3 - (-7 + 8 + -7)
3
Evaluate 0 + 6 + -2 + -4 - 1.
-1
Calculate -5 + (11 - (6 + 1)) + 0.
-1
Calculate -137 - -132 - (-6 - -1).
0
Evaluate 4 - (-5 - -5) - 0.
4
Calculate -3 + (19 - 7) - 19.
-10
What is the value of -4 + ((-3 - -15) + -4 - -1)?
5
Evaluate -18 - -11 - (2 + -2).
-7
Evaluate 0 + 1 - (-4 - -5).
0
2 - (3 + -2) - -1
2
Calculate 2 + (2 - -4) - 3.
5
What is the value of 1 + -4 + 3 + (1 - -1)?
2
What is -1 - (1 + (-5 - -7))?
-4
What is the value of -1 - (1 - -1 - (17 - 16))?
-2
Calculate -10 - (-3 - (9 - 9)).
-7
-4 - 2 - (-3 + 0)
-3
What is the value of -2 - (3 - (3 - -7))?
5
2 + 3 - 1 - (1 - -2)
1
What is the value of 1 - -9 - (35 + -29)?
4
3 + (-3 - (2 + -4))
2
-5 + (3 - (3 - -4)) - -4
-5
-5 + (6 + -11 - -9)
-1
Calculate 9 + (11 - 20) + 0 + 6.
6
Calculate 8 + -1 + -5 - (-1 - 1).
4
What is the value of 7 + 0 + -1 - (4 + 3)?
-1
What is -3 + -3 + -1 + 5?
-2
What is the value of -4 - (3 - (-1 - -4)) - -1?
-3
Calculate -8 + (31 - 9 - 9).
5
What is the value of -1 + 0 + 3 + -8?
-6
Evaluate 14 + (7 - (11 + 9)).
1
What is the value of 1 - (-5 - -6 - 5)?
5
Calculate (34 - 7) + -9 - 11.
7
Calculate 0 + -3 - (11 + -5 + -4).
-5
Evaluate (4 - -2) + -13 - -4.
-3
Calculate 276 + -257 - (11 - -1).
7
What is -15 + (-12 - -10) + 11?
-6
Calculate (-3 - -4) + -12 + 20.
9
Evaluate 0 + 2 + -5 - -10.
7
(-8 + 4 - 4) + 17 + -10
-1
4 + -8 + 2 - 0
-2
Evaluate 6 + -4 - 10 - -10.
2
-11 + 15 + (-10 - (0 - 0))
-6
3 + (-3 - -1) + (-2 - -2)
1
What is the value of 14 - (8 + -2 + 2)?
6
Evaluate 4 + -1 + (-5 - 0) + 1.
-1
-1 + -1 + (-4 + 5 - -3)
2
0 + (-6 - (-8 + (1 - 4)))
5
Evaluate 6 + -11 + 6 + -1 + 4.
4
What is the value of 1 - -7 - 3 - 2?
3
What is 6 + 0 + (4 - 8) + -2?
0
Calculate 11 + -5 + -6 + 0.
0
What is -1 - ((-22 - -7) + 9)?
5
What is the value of (-9 + 1 - -6) + -4?
-6
What is 2 + (-3 + -11 + 6 - -5)?
-1
Evaluate 4 + (0 - (2 + 0)).
2
(-3 - 1) + (-2 - -2)
-4
Evaluate -5 + -3 + (30 - 19).
3
Calculate -13 + 17 + -2 - (7 - -1).
-6
What is 3 - ((7 - 1) + 6 + -8)?
-1
What is the value of 8 + 0 + (-1 - 11)?
-4
(-3 - (3 + -7)) + -2
-1
What is -12 - (-12 + 17 - 11)?
-6
What is 11 - 12 - (-4 + 0)?
3
What is (12 - 8 - (0 - -5)) + 2?
1
What is 2 + (-2 - (0 + 0 - 6))?
6
Evaluate 28 + -28 + 1 + 1 + -1.
1
What is the value of -2 + 2 + 5 + -2 + -6?
-3
What is the value of (3 - (-2 + 0)) + 5 - 3?
7
What is the 